rime factors of 839903?
839903
List the prime factors of 1556589.
3, 518863
What are the prime factors of 4508646?
2, 3, 487, 1543
List the prime factors of 525045.
3, 5, 17, 29, 71
What are the prime factors of 913393?
13, 17, 4133
List the prime factors of 7451478.
2, 3, 347, 1193
What are the prime factors of 24988877?
2689, 9293
What are the prime factors of 566065?
5, 113213
List the prime factors of 6867265.
5, 19, 72287
List the prime factors of 12978795.
3, 5, 865253
What are the prime factors of 652514?
2, 326257
List the prime factors of 238001.
238001
List the prime factors of 20023859.
20023859
List the prime factors of 2812326.
2, 3, 11, 42611
What are the prime factors of 247302?
2, 3, 11, 1249
List the prime factors of 9417945.
3, 5, 139, 4517
What are the prime factors of 737449?
23, 32063
What are the prime factors of 1157658?
2, 3, 61, 3163
What are the prime factors of 470332?
2, 31, 3793
What are the prime factors of 11600939?
7, 1657277
What are the prime factors of 2289624?
2, 3, 95401
List the prime factors of 8641027.
223, 38749
What are the prime factors of 1089411?
3, 17, 41, 521
What are the prime factors of 364180?
2, 5, 131, 139
What are the prime factors of 29529?
3, 17, 193
List the prime factors of 21613436.
2, 13, 415643
What are the prime factors of 731299?
731299
What are the prime factors of 687685?
5, 137537
List the prime factors of 1901679.
3, 13, 48761
List the prime factors of 13504.
2, 211
List the prime factors of 29254.
2, 14627
What are the prime factors of 11092431?
3, 7, 233, 2267
What are the prime factors of 22812?
2, 3, 1901
What are the prime factors of 32630091?
3, 13, 103, 8123
What are the prime factors of 4805534?
2, 83, 28949
What are the prime factors of 5896754?
2, 137, 21521
What are the prime factors of 851782?
2, 23, 18517
List the prime factors of 1711616.
2, 3343
What are the prime factors of 463890?
2, 3, 5, 7, 47
What are the prime factors of 106040?
2, 5, 11, 241
What are the prime factors of 4258759?
263, 16193
What are the prime factors of 1109899?
7, 22651
List the prime factors of 2080235.
5, 23, 18089
What are the prime factors of 564317?
13, 83, 523
What are the prime factors of 45859?
11, 379
What are the prime factors of 856195?
5, 109, 1571
What are the prime factors of 10482159?
3, 3494053
List the prime factors of 2853412.
2, 713353
What are the prime factors of 3553798?
2, 19, 41, 2281
List the prime factors of 26413.
61, 433
What are the prime factors of 1997055?
3, 5, 4931
What are the prime factors of 1765612?
2, 441403
What are the prime factors of 45465?
3, 5, 7, 433
What are the prime factors of 313013?
89, 3517
List the prime factors of 51885.
3, 5, 1153
What are the prime factors of 1208098?
2, 23, 26263
What are the prime factors of 24379210?
2, 5, 139, 17539
What are the prime factors of 2640579?
3, 37, 23789
What are the prime factors of 21178371?
3, 563, 12539
List the prime factors of 2485417.
11, 17, 13291
List the prime factors of 1059616.
2, 33113
List the prime factors of 71729.
7, 10247
List the prime factors of 14277898.
2, 7138949
What are the prime factors of 5970914?
2, 2985457
List the prime factors of 22014958.
2, 7, 19, 82763
What are the prime factors of 312174?
2, 3, 41, 47
List the prime factors of 3851898.
2, 3, 263, 2441
List the prime factors of 123988.
2, 139, 223
List the prime factors of 1009787.
1009787
What are the prime factors of 2891235?
3, 5, 192749
What are the prime factors of 30167171?
30167171
What are the prime factors of 8213927?
139, 59093
What are the prime factors of 875408?
2, 54713
List the prime factors of 22167.
3, 821
What are the prime factors of 151173?
3, 11, 509
List the prime factors of 23948786.
2, 1223, 9791
List the prime factors of 982990.
2, 5, 98299
What are the prime factors of 770644?
2, 7, 17, 1619
What are the prime factors of 5960862?
2, 3, 331159
List the prime factors of 5924839.
59, 137, 733
What are the prime factors of 2621810?
2, 5, 19, 13799
List the prime factors of 416721.
3, 17, 8171
What are the prime factors of 1423143?
3, 52709
List the prime factors of 2045503.
2045503
What are the prime factors of 2947582?
2, 11, 133981
List the prime factors of 7241503.
29, 71, 3517
List the prime factors of 89247.
3, 71, 419
List the prime factors of 98768.
2, 6173
What are the prime factors of 290904?
2, 3, 17, 23, 31
What are the prime factors of 6970902?
2, 3, 41, 43, 659
List the prime factors of 3312504.
2, 3, 13, 3539
What are the prime factors of 4533354?
2, 3, 7, 67, 179
What are the prime factors of 9839671?
29, 139, 2441
What are the prime factors of 780220?
2, 5, 7, 5573
What are the prime factors of 38809021?
97, 400093
List the prime factors of 154138.
2, 77069
What are the prime factors of 316313?
37, 83, 103
List the prime factors of 1160013.
3, 41, 9431
List the prime factors of 2820773.
2820773
What are the prime factors of 2479875?
3, 5, 17, 389
List the prime factors of 949140.
2, 3, 5, 5273
List the prime factors of 145115.
5, 29023
List the prime factors of 1323221.
1323221
List the prime factors of 2051062.
2, 13, 78887
List the prime factors of 8077063.
37, 419, 521
List the prime factors of 61815.
3, 5, 13, 317
List the prime factors of 761967.
3, 23, 409
What are the prime factors of 114576?
2, 3, 7, 11, 31
List the prime factors of 191552.
2, 41, 73
List the prime factors of 23312435.
5, 4662487
What are the prime factors of 469406?
2, 7, 33529
What are the prime factors of 34624360?
2, 5, 865609
What are the prime factors of 9130991?
9130991
List the prime factors of 11172234.
2, 3, 1117, 1667
What are the prime factors of 10442130?
2, 3, 5, 107, 3253
List the prime factors of 2277697.
131, 17387
What are the prime factors of 1761354?
2, 3, 7, 1997
List the prime factors of 30853630.
2, 5, 89, 34667
What are the prime factors of 75032?
2, 83, 113
List the prime factors of 751065.
3, 5, 7, 23, 311
What are the prime factors of 21196055?
5, 4239211
What are the prime factors of 495461?
495461
List the prime factors of 6833590.
2, 5, 277, 2467
What are the prime factors of 758043?
3, 11, 13, 19, 31
What are the prime factors of 160169?
160169
List the prime factors of 11003594.
2, 7, 79, 9949
What are the prime factors of 5863853?
5863853
What are the prime factors of 102606?
2, 3, 7, 349
List the prime factors of 39688.
2, 11, 41
What are the prime factors of 1392830?
2, 5, 31, 4493
List the prime factors of 318303.
3, 11789
List the prime factors of 1651779.
3, 131, 467
List the prime factors of 3722930.
2, 5, 372293
What are the prime factors of 287365?
5, 13, 4421
List the prime factors of 523970.
2, 5, 151, 347
What are the prime factors of 2508970?
2, 5, 37, 6781
What are the prime factors of 48499?
11, 4409
What are the prime factors of 2149231?
7, 307033
What are the prime factors of 10724992?
2, 23, 3643
List the prime factors of 2648869.
571, 4639
List the prime factors of 86576.
2, 7, 773
What are the prime factors of 2820658?
2, 37, 47, 811
What are the prime factors of 234575?
5, 11, 853
List the prime factors of 1570093.
7, 224299
What are the prime factors of 74460?
2, 3, 5, 17, 73
What are the prime factors of 1145454?
2, 3, 190909
List the prime factors of 813028.
2, 439, 463
List the prime factors of 12581734.
2, 11, 17, 33641
List the prime factors of 150331.
17, 37, 239
What are the prime factors of 18001872?
2, 3, 7, 5953
List the prime factors of 964697.
964697
What are the prime factors of 145100?
2, 5, 1451
What are the prime factors of 305666?
2, 152833
What are the prime factors of 5370009?
3, 107, 16729
What are the prime factors of 13279817?
13279817
What are the prime factors of 390141?
3, 67, 647
List the prime factors of 3250186.
2, 227, 7159
List the prime factors of 441812.
2, 7, 31, 509
What are the prime factors of 931089?
3, 310363
List the prime factors of 4281461.
1117, 3833
What are the prime factors of 245996?
2, 89, 691
List the prime factors of 1221252.
2, 3, 101771
What are the prime factors of 74609?
74609
List the prime factors of 5772735.
3, 5, 61, 701
What are the prime factors of 995005?
5, 11, 79, 229
What are the prime factors of 1844135?
5, 53, 6959
List the prime factors of 286208.
2, 13, 43
List the prime factors of 5